e 513 = -6*k + 3*k. Let c = k - g. Is c prime?
False
Let v(o) = o - 10. Let n be v(4). Let y = n - -9. Suppose -y*m + 629 = 3*i + m, 5*i - 1059 = 4*m. Is i composite?
False
Let v(c) = -2*c**3 - 10*c**2 - 4*c + 16. Let n be v(-7). Let a = 321 + 106. Let t = a + n. Is t a prime number?
False
Suppose -3*q - 4*f = 23592, -2*q + 2*f = -0*f + 15728. Let b = 15681 + q. Is b a prime number?
True
Suppose 477714 = -4*z + 1220374 + 752916. Is z composite?
True
Is (1 + (-163841)/(-3))*3384/4512 composite?
False
Is ((1/2)/1)/((-923)/(-2980627286)) a prime number?
False
Let g(q) = 1963*q + 374. Is g(15) composite?
False
Suppose 13*t - 160 = -56. Suppose t*g - 41 = -9. Suppose g = -2*z, -k + 5*z - 7*z = -27. Is k composite?
False
Suppose -5*u + k + 41821 = 0, 5*u = 5*k + 50921 - 9076. Is u a composite number?
False
Suppose -5*f + 3*h = -962935 + 56513, f - 181262 = -5*h. Is f a composite number?
True
Let k be ((-72)/(-16))/((-1)/(-6)). Suppose -2*l - k = -21. Is l/(6/(-767)) - (-13)/(-26) a composite number?
False
Suppose -61*y + 73563921 = 7809398. Is y a prime number?
True
Let j be (-5 + 1 + 5)/((-2)/8). Let s(l) = -2639*l - 207. Is s(j) a prime number?
False
Let a = -86 + 91. Suppose -4*q = u - 635, 5*q = -a*u + 8*u - 1888. Is u a prime number?
True
Suppose 6*z = 61*z - 104995. Let f = z - 594. Is f prime?
False
Suppose 5*d = 126 - 46. Let m(f) = -2 + 12*f**2 - 6*f + d*f**3 + 0 - 15*f**3. Is m(-9) a composite number?
True
Let x(l) = 779*l**2 - 6*l + 108. Is x(-25) composite?
False
Suppose 424*k - 417*k - 729039 - 4576114 = 0. Is k prime?
True
Suppose 0 = 4*c + c - 2*n + 216380, 0 = -2*c - 5*n - 86552. Let a = -17715 - c. Is a a prime number?
True
Is (-3 - 50775/9)*(-30)/20 prime?
True
Suppose -3*y - 965 = -2*r, -3*y - 377 - 1544 = -4*r. Suppose -r = -4*p + 114. Is (6/(-12))/((10/p)/(-5)) prime?
True
Let a(d) = 68*d**2 - d + 3. Let m be a(-6). Let f = 2980 + m. Is f composite?
False
Let j = 3144160 - 1362057. Is j prime?
True
Let t be (-658)/(-8 - 30/(-4)). Let w = 607 + t. Is w composite?
True
Let o = -3056 - -22677. Suppose 2*v - 7*v + o = 3*h, 0 = -h + v + 6551. Is h a prime number?
True
Let q = 66939 - 12406. Is q composite?
True
Is -10 + 13 + (-263776)/(-12)*6 a composite number?
False
Let u(h) = -2*h**2 + 109*h - 65. Let f be u(44). Let n = 774 + f. Is n a composite number?
True
Suppose 18*v = 4*v + 2926. Suppose -u - v + 1218 = 0. Is u a composite number?
False
Let g = -766563 + 1165330. Is g composite?
True
Suppose 0*r = 4*r + 5*b - 355, -2*r - 2*b + 178 = 0. Let z = 31 - 84. Let g = r - z. Is g composite?
True
Let w be (-3)/1*6/(-9). Suppose w*m + m = -5*o + 168, -2*m = 3*o - 101. Suppose r = -0*r + o. Is r a composite number?
True
Let u(s) = 3*s - 19. Let b be u(8). Suppose -3*w - w = 2*a + 20, 4*w = 4*a + 100. Let o = b - a. Is o a composite number?
True
Let r(f) = 10679*f**2 + 13*f + 15. Let d be r(-1). Let p = 120 + d. Is p prime?
False
Let b be -3*428*(-20)/(-40). Is b*(-15)/12 - (-2)/4 prime?
False
Suppose 1137685 - 466914 = 88*h - 622741. Is h composite?
False
Suppose -4*g + 57288 = v + 5559, 0 = -3*v - 2*g + 155147. Is v prime?
True
Suppose -5*p + 933 = -l, 133 = 2*l - 2*p + 1983. Let x = 1450 + l. Is x a composite number?
True
Suppose -7*r - 4*r - 1287 = 0. Let u = 2170 + r. Is u composite?
False
Let b(r) = 1680*r**2 + 2*r + 105. Is b(7) composite?
True
Let b(t) = 2*t**2 + 11*t - 6. Let f be b(-7). Is 2*f/(-6) + -7 + 1189 composite?
True
Let l be 1/1 - (-9 + -21). Is (0 + -1)/(l/(-12803)) a prime number?
False
Suppose 13 = -7*w + 34. Suppose -w*k - 5*s + 3547 = 0, 3*s - 1396 - 4537 = -5*k. Is k a composite number?
True
Let z = 4763 - -489. Let i = z + -1083. Is i a prime number?
False
Is (-1182)/(-2) - 10/(7 + -5) a composite number?
True
Let c(g) = 808*g**3 - 3*g**2 - 7*g - 7. Let q(t) = -808*t**3 + 3*t**2 + 6*t + 7. Let a(s) = 2*c(s) + 3*q(s). Let y be a(-2). Is 1/(y/3235 + -2) a prime number?
True
Suppose b = w + 2*b + 81, 0 = 4*w - 5*b + 369. Let n be ((-76)/10 - 0)*(-140)/8. Let z = n + w. Is z a prime number?
True
Let k(y) = -2*y**2 + 3*y + 9. Let l be k(-2). Let h(p) = -441*p + 116. Is h(l) a composite number?
True
Let w(o) = 7102*o + 9535. Is w(46) a prime number?
True
Let l = -27088 + 76503. Is l composite?
True
Suppose 5*r = 2*z + 24558, -4*r + 5*z - 24565 = -9*r. Let l = r + -209. Is l a composite number?
False
Suppose -4*b - 41919 = -4*c - 239283, 0 = -4*b - 2*c + 197376. Suppose 0 = -11*l + 21816 + b. Is l a composite number?
False
Let b(p) = 430*p**2 + 42*p + 423. Is b(-11) composite?
False
Let x = -5 + 9. Suppose 1 = 3*r + x. Is (4306/(-4))/(r/2) a composite number?
False
Let y = 431 + 506. Let b = 1386 - y. Is b composite?
False
Let j = -35 - -41. Let u(b) = -b**3 + 6*b**2 + 5. Let z be u(j). Suppose k - 2*w - 1145 = w, 0 = -k - z*w + 1161. Is k a prime number?
True
Suppose -312 = -34*n + 32*n. Suppose 169*z = n*z + 6851. Is z a prime number?
False
Suppose -7*z = -691088 + 162217. Is z a composite number?
False
Suppose 3*n - 5*v + 5 = 7*n, -2*v + 2 = 0. Let c = 675 + -208. Suppose -i = -n*i - c. Is i a composite number?
False
Suppose 268 = 8*v - 276. Let a = v - 50. Suppose -a*j = -2*j - 8672. Is j prime?
False
Suppose -5*r = -15*r + 6060. Let v = 3257 - r. Is v composite?
True
Suppose -n + 3*o = 848 - 9027, -8183 = -n + o. Is n a prime number?
False
Suppose -3*u = t + 2 + 3, 3*t = -2*u + 6. Suppose -w - d + 1654 = 2*d, 0 = 4*w + t*d - 6624. Is w a prime number?
True
Suppose 0 = 31*t - 1887813 - 6193756 - 15224200. Is t composite?
False
Let s(n) = 21*n**3 - n**2 - 5*n + 2. Let w = -3 - -6. Is s(w) composite?
True
Let q(h) = -1636*h + 6. Let l(u) = 1637*u - 7. Let s(c) = -3*l(c) - 4*q(c). Is s(2) a prime number?
False
Suppose -27*b + 579468 = -341853. Is b prime?
True
Let o = 44 + -18. Let x = -21 + o. Suppose -s = 2*f - 0*s - 990, -2*s = -x*f + 2457. Is f a composite number?
True
Let h = -901356 - -1606243. Is h composite?
True
Suppose 3860 = -10*r + 164190. Is r a prime number?
True
Is 4978 - 5 - (14 + 2) prime?
True
Suppose 9 = -5*j + p - 11, -4*j - 16 = -5*p. Let x(v) = 109*v**2 + 5*v + 3. Let n be x(j). Let h = 2478 - n. Is h composite?
False
Let z(f) = 279*f + 41. Let c(n) = 277*n + 39. Let j(p) = 5*c(p) - 4*z(p). Is j(3) composite?
True
Let k be -5 - -4 - (-1 + 3/1). Let i(g) = 319*g**2 - 4*g. Let v be i(k). Suppose -5*n + v + 6862 = 0. Is n composite?
False
Suppose 0 = -4*o - 2*c - 144233 - 183357, -3*o = -2*c + 245675. Is (-4)/(-3) - o/15 a composite number?
True
Suppose 13*s - 32*s = -76. Suppose -3*k + 1111 = s*z, -k - 45 = 2*z - 414. Is k prime?
True
Let d = 125 - 128. Is (-6)/4*d/(-9)*-3466 a prime number?
True
Suppose 2240764 = 481*j - 177223. Is j composite?
True
Suppose 0 = 8*l - 89 + 9. Suppose 4*j - 43912 = -5*q, -13*q = -l*q - 12. Is j a prime number?
True
Suppose 4*r = 28, -5*r = -10*p + 196157 + 881218. Is p composite?
False
Let c(o) = o**2 - 8*o + 3. Let g(u) = u**2 - 15*u + 6. Let s(m) = 5*c(m) - 3*g(m). Let z be s(-3). Is (z/2 + -291)*(-11)/3 a prime number?
False
Let j(a) = 5*a**3 + 23*a**2 - 77*a - 186. Is j(37) prime?
True
Suppose 0 = -15*s - 18*s + 7027977. Is s prime?
True
Let o = -918 - -922. Let z be (4/(-10))/(1/(-5)). Suppose -2*m + 1563 = m + 5*k, 2084 = o*m - z*k. Is m a composite number?
False
Let w(q) = 3738*q**2 + 88*q - 23. Is w(-9) a prime number?
False
Let n(d) = d**2 - 7*d + 9. Let j be n(4). Is (1 + j/2)/((-1)/11974) a prime number?
True
Let s be 125/(-1375) + 33750/22. Let a(o) = -o**2 + 5*o - 2. Let q be a(3). Suppose -5*l - 764 = -d, 0*d + 2*d - s = q*l. Is d prime?
True
Let r = -27 - 29. Let h be (-5)/((-40)/(-74))*r. Suppose -5*q - s + 4185 - h = 0, -10 = -5*s. Is q a prime number?
True
Suppose 2*z = 3*p - 126, 2*z + 43 = 2*p - 43. Suppose p*m - 983368 - 854592 = 0. Is m prime?
True
Let u(p) = -7*p**2 - 2*p + 1. Let f(n) = -13*n**2 - 5*n + 2. Let c(w) = 2*f(w) - 5*u(w). Let t be c(2). Suppose -39*o = -t*o - 6260. Is o a prime number?
False
Suppose 14 = f + 5*p, 0*p = f + p - 10. Is (12/f)/(2/5331 + 0) prime?
False
Let y be -113*5/(25/(-245)). Suppose 3*o = 5*m - 13820, -2*m - 2*o + y = -5*o. Is m a prime number?
False
Let f = -291293 + 1340706. Is f prime?
True
Let a(k) = -37*k**2 + 12 - k - 2*k - 5*k - 8*k. Let b be a(-8). Is (-1*b/3)/((-4)/(-6)) a composite number?
True